{"id":2965,"date":"2020-03-18T18:15:29","date_gmt":"2020-03-18T17:15:29","guid":{"rendered":"https:\/\/tsplus.eu\/store\/?post_type=product&#038;p=2965"},"modified":"2026-04-01T12:03:13","modified_gmt":"2026-04-01T10:03:13","slug":"wsparcie-dla-wersji-web-mobile","status":"publish","type":"product","link":"https:\/\/tsplus.pl\/sklep\/store\/wsparcie\/wsparcie-dla-wersji-web-mobile\/","title":{"rendered":"Wsparcie dla wersji WEB &#038; MOBILE"},"content":{"rendered":"<p><strong>Wykupienie Wsparcia TSplus<\/strong> \u00a0gwarantuje prawo do pobierania i instalacji aktualizacji. Pozwala r\u00f3wnie\u017c na zwracanie si\u0119 o wsparcie do naszego zespo\u0142u. Wsparcie mo\u017ce zosta\u0107 zakupione lub przed\u0142u\u017cone na rok, dwa lub trzy lata.<\/p>\n<p><strong>Sta\u0142a licencja TSplus<\/strong> zawiera w swej cenie op\u0142at\u0119 za 1 rok us\u0142ug Aktualizacji i Wsparcia. Aby utrzyma\u0107 aktualno\u015b\u0107 i bezpiecze\u0144stwo TSPlus , zaleca si\u0119 wykupienie i przed\u0142u\u017cenie rocznego wsparcia.<br \/>\nOp\u0142ata za us\u0142ugi gwarantuje otrzymywanie wszystkich aktualizacji, patchy, rozwi\u0105za\u0144 debuguj\u0105cych i nawet pe\u0142nych wersji TSPlus. Roczna obs\u0142uga zawiera r\u00f3wnie\u017c sta\u0142e wsparcie naszego zespo\u0142u online.<\/p>\n<p>W przypadku pyta\u0144 dotycz\u0105cych\u00a0wsparcia i aktualizacji licencji TSplus prosimy\u00a0o kontakt z nami.<\/p>\n<p><strong>1 rok wsparcia<\/strong><strong> = 21% ceny licencji \u00a0 \u00a02 lata wsparcia = 18% ceny licencji \u00a0\u00a0<\/strong><\/p>\n<p><strong>3 lata wsparcia<\/strong><strong> =\u00a015% ceny licencji<\/strong><\/p>\n<div id=\"F99647D1_EA38_73AA_AA34_51B2484410CC\"><\/div>\n","protected":false},"excerpt":{"rendered":"<p><strong>Wsparcie <\/strong><\/p>\n<p>W celu zakupu wsparcia konieczne jest podanie ID Computer lub numeru licencji programu TS Plus znajduj\u0105cego si\u0119 w AdminTool zak\u0142adka Licencja.\u00a0Uwaga ka\u017cdy numer seryjny rozpoczyna si\u0119 od litery P.<\/p>\n<div id=\"F99647D1_EA38_73AA_AA34_51B2484410CC\"><\/div>\n","protected":false},"featured_media":5714,"comment_status":"open","ping_status":"closed","template":"","meta":[],"product_brand":[],"product_cat":[98],"product_tag":[],"class_list":{"0":"post-2965","1":"product","2":"type-product","3":"status-publish","4":"has-post-thumbnail","6":"product_cat-wsparcie","8":"first","9":"instock","10":"taxable","11":"shipping-taxable","12":"purchasable","13":"product-type-variable"},"_links":{"self":[{"href":"https:\/\/tsplus.pl\/sklep\/wp-json\/wp\/v2\/product\/2965","targetHints":{"allow":["GET"]}}],"collection":[{"href":"https:\/\/tsplus.pl\/sklep\/wp-json\/wp\/v2\/product"}],"about":[{"href":"https:\/\/tsplus.pl\/sklep\/wp-json\/wp\/v2\/types\/product"}],"replies":[{"embeddable":true,"href":"https:\/\/tsplus.pl\/sklep\/wp-json\/wp\/v2\/comments?post=2965"}],"wp:featuredmedia":[{"embeddable":true,"href":"https:\/\/tsplus.pl\/sklep\/wp-json\/wp\/v2\/media\/5714"}],"wp:attachment":[{"href":"https:\/\/tsplus.pl\/sklep\/wp-json\/wp\/v2\/media?parent=2965"}],"wp:term":[{"taxonomy":"product_brand","embeddable":true,"href":"https:\/\/tsplus.pl\/sklep\/wp-json\/wp\/v2\/product_brand?post=2965"},{"taxonomy":"product_cat","embeddable":true,"href":"https:\/\/tsplus.pl\/sklep\/wp-json\/wp\/v2\/product_cat?post=2965"},{"taxonomy":"product_tag","embeddable":true,"href":"https:\/\/tsplus.pl\/sklep\/wp-json\/wp\/v2\/product_tag?post=2965"}],"curies":[{"name":"wp","href":"https:\/\/api.w.org\/{rel}","templated":true}]}}