{"id":3089,"date":"2020-03-19T19:20:05","date_gmt":"2020-03-19T18:20:05","guid":{"rendered":"https:\/\/tsplus.eu\/store\/?post_type=product&#038;p=3089"},"modified":"2026-04-01T02:59:02","modified_gmt":"2026-04-01T00:59:02","slug":"server-genius-business-edition-10-serwerow","status":"publish","type":"product","link":"https:\/\/tsplus.pl\/sklep\/store\/srv-genius\/server-genius-business-edition-10-serwerow\/","title":{"rendered":"Server Monitoring Business Edition &#8211; 10 Serwer\u00f3w"},"content":{"rendered":"<div class=\"textwidget\">\n<p><strong><em>Server Monitoring <\/em><\/strong><strong>to naj\u0142atwiejsze do wdro\u017cenia na serwerze narz\u0119dzie raportuj\u0105ce:<\/strong><\/p>\n<ul>\n<li>Instalacja w 30 sekund.<\/li>\n<li>Szybka konfiguracja.<\/li>\n<li>Server Genius zapewnia informacje i dane dotycz\u0105ce Twoich serwer\u00f3w, aplikacji i u\u017cytkownik\u00f3w.<\/li>\n<li>Monitoruj wszystkie czynno\u015bci zwi\u0105zane z serwerem i witryn\u0105 w jednym interfejsie!<\/li>\n<li>Pozyskaj wa\u017cne informacje z audytu dotycz\u0105ce aplikacji i okre\u015bl najcz\u0119\u015bciej u\u017cywane aplikacje na serwerze RDP.<\/li>\n<li>Monitoruj ca\u0142kowity czas stosowania okre\u015blonej aplikacji przez u\u017cytkownik\u00f3w. Mierz wykorzystanie przepustowo\u015bci, b\u0105d\u017a \u015bwiadomy awarii serwera, zdobywaj wa\u017cne informacje do przysz\u0142ych aktualizacji sieci i wiele wi\u0119cej.<\/li>\n<\/ul>\n<p><strong>Szczeg\u00f3\u0142owe \u015bledzenie u\u017cycia aplikacji pomaga zidentyfikowa\u0107 najbardziej intensywne okresy aktywno\u015bci w zale\u017cno\u015bci od aplikacji i u\u017cytkownika.<\/strong><\/p>\n<p><strong>MONITORUJ SWOJE SERWERY I STRONY INTERNETOWE Z PRZEGL\u0104DARKI!<\/strong><\/p>\n<p>Analiza wydajno\u015bci i aplikacji Server Monitoring natychmiast ostrzega zespo\u0142y IT o nieprawid\u0142owej lub podejrzanej aktywno\u015bci u\u017cytkownika.<\/p>\n<p>Analizy wydajno\u015bci i u\u017cytkowania generowane przez Server Monitoring pozwalaj\u0105 na alerty oparte na wybranych zdarzeniach, kt\u00f3re wyst\u0119puj\u0105 w danym okresie.<\/p>\n<p>Alerty te generuj\u0105 wiadomo\u015bci e-mail i powiadomienia poprzez wyskakuj\u0105ce okienka przegl\u0105darki, aby natychmiast przekaza\u0107 informacje Administratorowi.<br \/>\nUzyskaj dost\u0119p do raport\u00f3w w dowolnym miejscu i czasie dzi\u0119ki naszej przyjaznej dla u\u017cytkownika aplikacji internetowej, kompatybilnej z tabletami i smartfonami.<\/p>\n<p><strong>ServerMonitoring to kompletne rozwi\u0105zanie do identyfikacji i zarz\u0105dzania ryzykiem zwi\u0105zanym z u\u017cytkowaniem serwera. \u015aled\u017a zdalny dost\u0119p do serwera hosta i monitoruj sesje RDP ju\u017c teraz!<\/strong><\/p>\n<p style=\"text-align: center;\"><strong><em>Otrzymuj powiadomienia w czasie rzeczywistym z dowolnego miejsca na \u015bwiecie i szybciej rozwi\u0105zuj wa\u017cne problemy!<\/em><\/strong><\/p>\n<\/div>\n<div id=\"F99647D1_EA38_73AA_AA34_51B2484410CC\"><\/div>\n","protected":false},"excerpt":{"rendered":"<div id=\"panel-w5a7c1c946ef92-1-2-0\" class=\"so-panel widget widget_sow-image panel-first-child\" data-index=\"5\">\n<div class=\"so-widget-sow-image so-widget-sow-image-default-eef982a7180b\">\n<div class=\"sow-image-container\"><\/div>\n<\/div>\n<\/div>\n<p><strong>Obserwuj sw\u00f3j serwer \u0142atwiej ni\u017c kiedykolwiek!<\/strong><\/p>\n<p>Zarz\u0105dzaj Swoim serwerem, tw\u00f3rz powiadomienia i monitoruj aktywno\u015b\u0107 u\u017cytkownik\u00f3w w wygodnej graficznej formie. W pe\u0142ni uzyskaj kontrol\u0119 nad \u015brodowiskiem serwera:<\/p>\n<ul>\n<li>Raporty z twojego serwera<\/li>\n<li>Wybrane przez u\u017cytkownika ostrze\u017cenia<\/li>\n<li>Nielimitowana liczba u\u017cytkownik\u00f3w<\/li>\n<li>Nielimitowana liczba aplikacji<\/li>\n<\/ul>\n<p>Z programem Serwer Genius oszcz\u0119dzasz pieni\u0105dze firmy monitoruj\u0105c u\u017cywane aktualnie licencje, tak\u017ce ich braki i nadmiary. Serwer Genius pomo\u017ce Ci zoptymalizowa\u0107 wydatki i zredukowa\u0107 niechciane koszty. Pozwala tak\u017ce na planowanie d\u0142ugoterminowego rozwoju Infrastruktury IT<\/p>\n<p>Serwer Genius mierzy tak\u017ce obci\u0105\u017cenie serwera przedstawiaj\u0105c je w modelu graficznym.<\/p>\n<p>Obserwuj zdarzenia na serwerze, zu\u017cycie zasob\u00f3w i wszystkie jego parametry. Nie czekaj na informacje od u\u017cytkownik\u00f3w o niestabilnym dzia\u0142aniu serwera, miej natychmiastowy dost\u0119p do informacji, na ka\u017cdym rodzaju urz\u0105dzenia.<\/p>\n<div id=\"F99647D1_EA38_73AA_AA34_51B2484410CC\"><\/div>\n","protected":false},"featured_media":5696,"comment_status":"open","ping_status":"closed","template":"","meta":[],"product_brand":[],"product_cat":[106],"product_tag":[],"class_list":{"0":"post-3089","1":"product","2":"type-product","3":"status-publish","4":"has-post-thumbnail","6":"product_cat-srv-genius","8":"first","9":"instock","10":"virtual","11":"taxable","12":"purchasable","13":"product-type-simple"},"_links":{"self":[{"href":"https:\/\/tsplus.pl\/sklep\/wp-json\/wp\/v2\/product\/3089","targetHints":{"allow":["GET"]}}],"collection":[{"href":"https:\/\/tsplus.pl\/sklep\/wp-json\/wp\/v2\/product"}],"about":[{"href":"https:\/\/tsplus.pl\/sklep\/wp-json\/wp\/v2\/types\/product"}],"replies":[{"embeddable":true,"href":"https:\/\/tsplus.pl\/sklep\/wp-json\/wp\/v2\/comments?post=3089"}],"wp:featuredmedia":[{"embeddable":true,"href":"https:\/\/tsplus.pl\/sklep\/wp-json\/wp\/v2\/media\/5696"}],"wp:attachment":[{"href":"https:\/\/tsplus.pl\/sklep\/wp-json\/wp\/v2\/media?parent=3089"}],"wp:term":[{"taxonomy":"product_brand","embeddable":true,"href":"https:\/\/tsplus.pl\/sklep\/wp-json\/wp\/v2\/product_brand?post=3089"},{"taxonomy":"product_cat","embeddable":true,"href":"https:\/\/tsplus.pl\/sklep\/wp-json\/wp\/v2\/product_cat?post=3089"},{"taxonomy":"product_tag","embeddable":true,"href":"https:\/\/tsplus.pl\/sklep\/wp-json\/wp\/v2\/product_tag?post=3089"}],"curies":[{"name":"wp","href":"https:\/\/api.w.org\/{rel}","templated":true}]}}